.
29
What is the remainder when 16059157 is divided by 777?
121
What is the remainder when 2146961 is divided by 3288?
3185
Calculate the remainder when 234512456 is divided by 1339.
1335
What is the remainder when 389499 is divided by 194748?
3
What is the remainder when 456397 is divided by 400?
397
What is the remainder when 396577 is divided by 1742?
1143
What is the remainder when 1909832 is divided by 64?
8
Calculate the remainder when 2563710 is divided by 300.
210
What is the remainder when 7932045 is divided by 369?
21
What is the remainder when 17443520 is divided by 3203?
3185
Calculate the remainder when 1979815 is divided by 4987.
4963
What is the remainder when 31977775 is divided by 6126?
55
What is the remainder when 939987 is divided by 456?
171
What is the remainder when 47232 is divided by 1251?
945
Calculate the remainder when 834196 is divided by 319.
11
Calculate the remainder when 4884140 is divided by 14.
2
Calculate the remainder when 100663 is divided by 1051.
818
Calculate the remainder when 89377 is divided by 26.
15
What is the remainder when 43224 is divided by 2267?
151
What is the remainder when 41505402 is divided by 124?
122
Calculate the remainder when 1340693 is divided by 1043.
438
What is the remainder when 32887689 is divided by 12?
9
What is the remainder when 1159632 is divided by 13641?
147
Calculate the remainder when 504660 is divided by 288.
84
What is the remainder when 3032950 is divided by 443?
172
Calculate the remainder when 2780093 is divided by 40291.
14
Calculate the remainder when 18587545 is divided by 584.
577
Calculate the remainder when 289602 is divided by 57591.
1647
What is the remainder when 1217925 is divided by 62?
59
Calculate the remainder when 231829 is divided by 3056.
2629
Calculate the remainder when 315843 is divided by 28712.
11
Calculate the remainder when 101481276 is divided by 38.
34
Calculate the remainder when 285455 is divided by 40709.
492
Calculate the remainder when 339237 is divided by 56521.
111
Calculate the remainder when 12725 is divided by 845.
50
Calculate the remainder when 4579000 is divided by 40521.
127
Calculate the remainder when 66867 is divided by 1287.
1230
What is the remainder when 1211303 is divided by 2884?
23
Calculate the remainder when 56853 is divided by 1889.
183
Calculate the remainder when 2130120496 is divided by 11.
9
What is the remainder when 2751222 is divided by 250097?
155
What is the remainder when 1048255 is divided by 1048210?
45
What is the remainder when 80344153 is divided by 153916?
1
What is the remainder when 3356890 is divided by 61033?
75
What is the remainder when 340940 is divided by 453?
284
What is the remainder when 37712021 is divided by 531155?
16
What is the remainder when 5644263 is divided by 52?
27
What is the remainder when 7197182 is divided by 98?
62
What is the remainder when 81566 is divided by 5073?
398
What is the remainder when 18156026 is divided by 1841?
84
What is the remainder when 44013 is divided by 363?
90
What is the remainder when 9778339 is divided by 514646?
65
Calculate the remainder when 583361 is divided by 583360.
1
What is the remainder when 2916804 is divided by 181?
170
Calculate the remainder when 437914 is divided by 1338.
388
What is the remainder when 211902971 is divided by 1974?
1967
What is the remainder when 314600 is divided by 108?
104
What is the remainder when 14165 is divided by 1031?
762
What is the remainder when 689143838 is divided by 308?
306
Calculate the remainder when 2852679 is divided by 118859.
63
Calculate the remainder when 4940056 is divided by 60988.
28
What is the remainder when 3079665 is divided by 12?
9
Calculate the remainder when 101574 is divided by 101539.
35
Calculate the remainder when 2960086 is divided by 1714.
8
Calculate the remainder when 46173 is divided by 9144.
453
What is the remainder when 483569 is divided by 192?
113
What is the remainder when 404975 is divided by 404951?
24
What is the remainder when 3070167 is divided by 54822?
135
What is the remainder when 70387306 is divided by 1380143?
13
What is the remainder when 1066739 is divided by 154?
135
What is the remainder when 117100 is divided by 58469?
162
What is the remainder when 57394559 is divided by 5728?
5727
Calculate the remainder when 103149 is divided by 1910.
9
Calculate the remainder when 150976 is divided by 1384.
120
Calculate the remainder when 4824884 is divided by 6357.
6278
Calculate the remainder when 499162 is divided by 227.
216
Calculate the remainder when 24081 is divided by 4522.
1471
Calculate the remainder when 8805849 is divided by 222.
219
Calculate the remainder when 11283999 is divided by 15983.
1
What is the remainder when 57623242 is divided by 57623233?
9
What is the remainder when 1288597 is divided by 23?
22
Calculate the remainder when 1227632 is divided by 5202.
5162
Calculate the remainder when 19613369 is divided by 8899.
8872
Calculate the remainder when 33096662 is divided by 9090.
9062
Calculate the remainder when 4968674 is divided by 241.
218
What is the remainder when 122673 is divided by 61317?
39
What is the remainder when 1438147 is divided by 6850?
6497
What is the remainder when 1602291 is divided by 806?
769
What is the remainder when 375979 is divided by 2523?
52
What is the remainder when 490036 is divided by 144?
4
What is the remainder when 80222 is divided by 3640?
142
Calculate the remainder when 1278244 is divided by 319506.
220
What is the remainder when 16250081 is divided by 5416693?
2
What is the remainder when 153115 is divided by 13449?
5176
Calculate the remainder when 23115050 is divided by 347.
339
Calculate the remainder when 63768610 is divided by 27.
10
What is the remainder when 926783 is divided by 44112?
431
Calculate the remainder when 188225 is divided by 956.
849
Calculate the remainder when 1417921 is divided by 9713.
9536
What is the remainder when 1296310 is divided by 411?
16
What is the remainder when 1664090 is divided by 40578?
392
What is the remainder when 3365051 is divided by 6573?
6248
What is the remainder when 494936 is divided by 1672?
24
What is the remainder when 4568848 is divided by 356?
300
Calculate the remainder when 207174 is divided by 39.
6
Calculate the remainder when 57802 is divided by 530.
32
Calculate the remainder when 8086375 is divided by 387.
10
What is the remainder when 20494916 is divided by 85?
56
What is the remainder when 33820291 is divided by 377?
375
What is the remainder when 10023089 is divided by 77?
76
Calculate the remainder when 38683 is divided by 444.
55
What is the remainder when 10599 is divided by 618?
93
Calculate the remainder when 1037804 is divided by 526.
6
What is the remainder when 1589041 is divided by 7094?
7079
Calculate the remainder when 40614466 is divided by 13749.
13669
What is the remainder when 7991859 is divided by 1141693?
8
Calculate the remainder when 7651076 is divided by 884.
56
Calculate the remainder when 456206 is divided by 16.
14
Calculate the remainder when 71385257 is divided by 460550.
7
Calculate the remainder when 68683 is divided by 22874.
61
What is the remainder when 19399 is divided by 455?
289
What is the remainder when 12813937 is divided by 12813919?
18
Calculate the remainder when 7083383 is divided by 41423.
50
Calculate the remainder when 21381209 is divided by 5295.
5294
Calculate the remainder when 195397601 is divided by 53.
10
Calculate the remainder when 1439477 is divided by 298.
137
What is the remainder when 404237 is divided by 261?
209
What is the remainder when 290668 is divided by 5282?
158
Calculate the remainder when 93540361 is divided by 8977.
21
What is the remainder when 433312 is divided by 216581?
150
What is the remainder when 38698557 is divided by 6?
3
What is the remainder when 473493 is divided by 94666?
163
What is the remainder when 19166 is divided by 4732?
238
Calculate the remainder when 71259430 is divided by 188517.
4
Calculate the remainder when 24839412 is divided by 557.
554
Calculate the remainder when 7960439 is divided by 796041.
29
Calculate the remainder when 8376151 is divided by 49563.
4
What is the remainder when 3434125 is divided by 11924?
13
What is the remain